 + -31
-7
13 + -16 - (-1 + -1)
-1
What is -10 + 16 + (-20 - 2)?
-16
Evaluate -9 + 11 - (-3 - 4).
9
What is the value of 4 - 2 - (11 + -12 + 4)?
-1
-7 + 14 + (-25 - (-9 - -11))
-20
What is the value of -20 + 14 + 3 + (2 - 1) + -1?
-3
What is the value of -28 - (1 - -14 - (-193 - -224))?
-12
(-1 - -6) + (5 - (-9 + 12) - 10)
-3
Calculate -15 + 13 + -3 + -2 + -6 + 2.
-11
(19 - (-29 - -25)) + -26
-3
Calculate -1 + (56 - (-30 + 55)).
30
-16 + (17 - (-14 + -8))
23
What is (0 - 12) + 16 - 5?
-1
Evaluate (-3 - (3 + -2 + 3)) + (-1 - -15).
7
What is -2 - (-8 + -2 + -5)?
13
What is the value of 27 + -2 - -2 - (-8 - -33 - 26)?
28
Evaluate (2 - 0) + (-27 - (10 + -3)).
-32
Calculate -4 + -10 + 16 - (30 + -20).
-8
Evaluate -6 - (33 - (36 - -6)).
3
What is -14 - ((-31 - -15 - 12) + 15)?
-1
Calculate 23 + 6 + -28 + -1 + 17.
17
Evaluate 0 + -2 + 1 - (-11 + (6 - -11)).
-7
Evaluate -1 - -4 - (-77 + 70 + (22 - 3)).
-9
Evaluate -22 + 3 - (-47 + 15).
13
What is 8 - (-1 - ((-6 - (2 - 5)) + -4))?
2
-21 + (-8 - -1) + -8 + 31 + -16
-21
What is the value of 8 - (23 - 21 - (-8 + 1 + 0))?
-1
-2 + 1 + -223 + 239
15
Evaluate 29 + (-34 - -22) - (0 + -1) - 10.
8
What is the value of (2 - 2 - -24 - -9) + -13?
20
Evaluate (-13 - (-12 - -1) - 10) + (0 - -4).
-8
Evaluate (36 - 26) + (-11 - -2).
1
What is the value of 12 + -2 - ((7 - 0) + 96 + -76)?
-17
What is the value of 1 + 22 - (25 + 5)?
-7
93 - (31 + 1) - 36
25
What is 30 + -5 - (-6 + 25 + -15)?
21
Evaluate 12 + (-10 + -20 - -21).
3
Calculate -22 + 21 + -6 + 16.
9
What is -46 - (-21 + (17 - 14) - -6)?
-34
What is the value of 9 - (-14 - (-7 - 5))?
11
Calculate -4 - (13 - (1 + 5)) - 1.
-12
What is the value of 7 + 1 - ((-2 - -3) + -6)?
13
What is the value of 6 + (-1 - 0) + -62 + 63 - 23?
-17
Calculate 1 + 18 + 8 + -1 + -21 + 6.
11
Calculate -25 + 8 + (1 - (10 - (5 + 0))).
-21
(-8 - -1) + (18 - (-11 - -36)) + 2
-12
0 - 11 - (-488 + 478)
-1
What is -36 + (-12 - 14 - -32)?
-30
What is the value of -10 + 3 - (7 + (-1 - -6))?
-19
-18 + (0 - -20) + 52 + -20
34
-81 - -91 - (-1 - -8)
3
What is 11 + (-39 - -29 - -5)?
6
What is the value of 15 - (-13 - -27) - (1 + 7)?
-7
Calculate 3 - ((-2 - -2) + -4).
7
What is 16 - (-10 - (-38 + -7 + 3))?
-16
Calculate (2 - 4) + -13 + -2 + 1.
-16
9 + (-24 - (-4 - (5 + -3)))
-9
Calculate 7 + (6 - (23 + -13)).
3
What is -26 - ((-42 - 27) + 43)?
0
Calculate -65 + 30 + (35 - -3).
3
(-60 + 70 + (1 - 11) - 7) + 26
19
Evaluate 2 - (-8 - 0 - (50 + -51)).
9
Evaluate (-14 + 42 - 8) + (-3 - -7).
24
-1 + (-4 - (4 + -7) - (-4 + -9))
11
25 - (17 + -12 + 8)
12
Calculate -31 + (-18 - (36 - 71)).
-14
22 + (47 - 57) + 3
15
What is 13 + (-2 - -5) + -7?
9
What is the value of 9 + (-1 - (1 - -1)) + -55 + 60?
11
-1 + (-3 - -1) - (-9 - (0 + -2))
4
-11 - (9 + -2 + -10) - (1 + 4)
-13
Calculate 16 + -1 + -25 + (-43 - -34).
-19
What is 0 + ((3 - -3) + 3 + -8 - -1)?
2
What is the value of -23 + 28 - 15 - 14?
-24
0 + 2 + (-4 - 1)
-3
Evaluate -7 + (-15 - -1) + -22 + 21.
-22
Calculate (-18 + -5 - -19) + -3 + 1 - -24.
18
Calculate 1 - -29 - (-420 + 436).
14
What is the value of 25 - (9 + 5) - 7?
4
(-67 - -79) + (-8 - 1)
3
What is -80 + 85 + -3 + 0 + (8 - 2)?
8
8 - 1 - (-17 - (14 - 25))
13
What is the value of 3 - -17 - ((1 - 3) + 14 + -12)?
20
Evaluate (3 - -7) + 0 - (-37 + 64 + -3).
-14
What is the value of -9 + (-10 + -4 + 14 - -18)?
9
What is -4 - ((-6 - -9) + -4 + 15)?
-18
What is the value of (57 - 146) + 62 - (0 - 11)?
-16
Evaluate -52 - -58 - (0 + 12).
-6
Evaluate 5 + -3 + 5 + -7 + -1 - 1.
-2
(0 - 5) + (21 - 18)
-2
What is (-2 - (-3 - (10 - 24))) + -7?
-20
Calculate -2 - 6 - (8 + -17) - (0 - 4).
5
(36 + -50 - -29) + -8
7
What is -15 + 188 + -198 + -1 + 6?
-20
Calculate 41 + (-8 - -5) - 56.
-18
2 - ((-11 - -8) + 1 + 0 - -2)
2
4 + -6 - (-3 + 7 + 1 + 1)
-8
What is -29 - (-2 + -10) - (0 - 1 - -2)?
-18
(0 - (0 - (3 + -8)) - -1) + 7
3
1 - (2 - ((-29 - -31) + (1 - -5)))
7
Calculate 14 + 1 - (-29 + 50 + -9).
3
What is -33 - -33 - (0 + 4) - (-4 + 1)?
-1
13 - ((1 - 11) + (2 + 1 - 3))
23
What is the value of 9 + 0 - (15 - (-21 + 24))?
-3
-2 + -1 + -2 - (-3 + 5)
-7
(0 + -12 - -4) + 8 + 1
1
What is the value of 5 + -8 - (6 + -10 + 7)?
-6
-16 + (-25 - (-5 - 15))
-21
Calculate 10 + -10 + 1 + 14.
15
What is 18 + 0 - ((39 - 41) + 7)?
13
Evaluate 7 - ((10 - (22 + -7)) + -1).
13
21 + -36 + 35 + -22
-2
(-59 - -64) + (-19 - -6) + -2 + -1
-11
What is the value of -6 + 2 - (4 - 23)?
15
Calculate 6 + 5 - (2 + (3 + -4 - -1)).
9
What is -1 + -1 + -4 + -23 + 27?
-2
Calculate -6 + (-4 - -21 - 11) - (-2 + -10).
12
What is the value of (4 + -3 - -8) + (-7 - 1) + -3?
-2
(22 - 2) + -3 - (6 + 3)
8
Evaluate (-3 + 2 - 2) + (5 - 11) - 6.
-15
-1 - ((-15 - (4 - 4)) + 12 + -10)
12
What is 18 + -3 + -23 - -21?
13
Evaluate (5 - -3) + -5 - (4 - (-5 - -20)).
14
What is the value of 4 + (0 + 12 - (-109 - -124))?
1
What is 3 + (0 - (4 - -7)) + -2?
-10
-21 + 3 + (-11 - (-5 + -1))
-23
-1 + -8 + 16 + -2 + 1 - -11
17
What is 18 + 12 + -54 - -6?
-18
8 + -1 + (-520 - -526)
13
Calculate -2 + -3 + -2 - (-1 + 1 - 7).
0
Calculate (-26 - -13) + 21 + 0.
8
6 + 0 + (-9 - (-5 + (9 - 11)))
4
Evaluate -9 + 3 + -3 + -1 + (25 - 27).
-12
Calculate (6 - 17) + (-8 + 0 + -2 - -5).
-16
Evaluate (9 - (-43 + 20)) + -8.
24
What is the value of -4867 - -4868 - (-1 - (0 + -11))?
-9
What is 33 - ((16 - 1) + (-15 - -7) + 0)?
26
Calculate (6 + -1 - ((31 - 0) + -22)) + 12.
8
(-4 - 3) + 7 + (-22 - -9)
-13
Calculate -2 + -38 - (-8 + (11 - 9)).
-34
What is 6 + (-6 - (1 + (15 - 5)))?
-11
Calculate (1154 - 1118) + (-40 - 0).
-4
What is -1 - (0 + -1 + 2 - (34 + -26))?
6
Evaluate ((28 - 17) + 7 - 6) + -3.
9
What is the value of 24 + (-5 + 16 + -8 - 2) - 4?
21
-20 + (10 - 3) + 26 - -8
21
Evaluate 75 - (10 + 14 + 21).
30
-24 + 42 + -18 - (-6 - -20)
-14
-51 + 58 - (-12 - (2 - 1))
20
Calculate 36 + 26 + -27 + -43.
-8
-899 + 880 + (38 - 0)
19
What is -11 + 3 - (-1 - (2 - (4 - 39)))?
30
Calculate 67 + -83 + (28 - 44).
-32
What is -5 + 2 + (-3 - (-6 - -3)) + -4?
-7
What is -5 + -4 + (4 - 0 - (-8 + 5))?
-2
Calculate (2 + 7 - (6 + -11)) + -4 + 0.
10
-1 + -14 - (2 - (-15 - -18))
-14
Evaluate (-4 + (-2 - -4) - 3) + -1 + 4.
-2
Evaluate -3 - (-7 + 3 + -1) - (-49 - -55).
-4
What is (3 - 4) + -4 + -5?
-10
2 - 7 - (364 + -394)
25
Evaluate 185 - 194 - (-20 + 2).
9
Evaluate 0 + 14 - (-16 - (0 + -14 + 0)).
16
What is -5 - (-5 + (-7 - 4))?
11
1 - (-1 + -3 - (-7 - (-17 - -7)))
8
What is (1 - 2) + (371 - 384)?
-14
Calculate 2 + 3 + (-30 - -15) + 8.
-2
-13 + (1 - (-5 + 7))
-14
What is the value of -2 + -8 + 8 - -11 - (3 + -10)?
16
Evaluate -1 + (7 - 37) + 10.
-21
-7 + (17 + 6 - 14)
2
Evaluate -4 - 2 - -5 - (6 + -11).
4
What is (1 - (2 - 7)) + -18 + (-12 - -16)?
-8
Evaluate (-16 - (-5 - 30)) + -22.
-3
Calculate 0 + 2 + -10 + (32 - -2) + -8.
18
Calculate (12 - 14) + -6 - -19.
11
8 - (58 + -15 + -18 + -19)
2
Evaluate 23 - (2 + (1 - -32)).
-12
What is the value of 288 + -290 + (11 - (1 + -2))?
10
Calculate -12 - -2 - (-32 + -1).
23
Evaluate 5 - (-1 + 9) - -5 - 5.
-3
25 + (13 - ((14 - 5) + -3) - 7)
25
Calculate 5 - (-1 + 9 + (291 - 288)).
-6
What is the value of -8 - (-12 + 2 + 1)?
1
Calculate -6 - (20 + (-1 - 15)).
-10
Calculate 6 - 1 - (-13 + 0 + 18) - 4.
-4
Evaluate 5 - 1 - (-5 + 7 + -5 + 10).
-3
Evaluate 10 + (1 - 2) - (-264 - -289).
-16
What is (-4 - ((-3 - 2) + -12 + 17)) + -4?
-8
Calculate (-1 - -30) + 564 + -602.
-9
Calculate 2061 - 2051 - (0 + 10).
0
Calculate (26 - (3 - -27)) + 4 + 1.
1
(-5 + -4 + 4 - -3) + 5 + 11
14
-45 + (4 + 10 - -10)
-21
Evaluate 3 + (-45 - -54 - (-2 - -6)) + 5.
13
What is (-10 - -4) + (-11 - -34) + -13?
4
What is the value of (-11 - 0) + 9 - (0 - -12)?
-14
Evaluate 11 + 0 + 293 + -309.
-5
What is the value of -5 - -15 - (-17 - -11)?
16
Evaluate (25 - (3 - -7)) + -12.
3
18 + (0 - 0 - (-6 - (-21 + 18)))
21
(-8 - -11) + (-8 - -9 - (4 + -1))
1
-17 + -11 - -61 - 67
-34
What is the value of 79 + -92 + -1 + -8 - -17?
-5
Evaluate 10 - (-19 - -12 - -9) - 8.
0
What is 2 + (3 - (-11 - -16) - (-6 + -1))?
7
26 - 16 - (1 + 4 + -1)
6
What is the value of (-4 - -14) + (1 + 0 - (-1 + 2))?
10
-2 + 3 + (3 - -1 - (29 - 5))
-19
Evaluate -2 + 11 - (-8 + (-12 - -11) - -16).
2
5 - (-1 + -17 + 7 - 6)
22
What is the value of 53 + (30 - 43) - (9 + 0)?
31
Evaluate -11 + -55 + 35 - -47.
16
Evaluate -12 - ((5 - 6 - 9) + 9).
-11
W